{"id":162,"date":"2023-05-25T15:10:56","date_gmt":"2023-05-25T13:10:56","guid":{"rendered":"https:\/\/infobusinesszone.com\/?page_id=162"},"modified":"2023-05-25T15:24:46","modified_gmt":"2023-05-25T13:24:46","slug":"cookie-policy","status":"publish","type":"page","link":"https:\/\/infobusinesszone.com\/index.php\/cookie-policy\/","title":{"rendered":"COOKIE POLICY"},"content":{"rendered":"\n<figure class=\"wp-block-table\"><table><tbody><tr><td><strong>Informativa sui Cookie<\/strong> <strong>Sito Internet<\/strong><\/td><\/tr><tr><td>Ai sensi del \u201cRegolamento generale sulla protezione dei dati\u201d \u2013 Regolamento (UE) 2016\/679 (GDPR)<\/td><\/tr><\/tbody><\/table><figcaption class=\"wp-element-caption\">Via Roma 49 \u2013 31047 (TV)<br>C.F. BLDLDA67H41L407M &#8211; P.IVA 04769920275<br>Tel. 0422\/1292113 &#8211; 375\/7743831<br>E-mail: interno@infobusinesszone.com<\/figcaption><\/figure>\n\n\n\n<p>Il sito <a href=\"http:\/\/www.infobusinesszone.com\/\">www.infobusinesszone.com<\/a> utilizza solo cookie tecnici per il corretto funzionamento del sito stesso. <strong>BUSINESS ZONE DI BALDAN ALDA<\/strong> fornisce la presente informativa sui cookie per assicurare la trasparenza del trattamento.<\/p>\n\n\n\n<p><strong>COSA SONO I COOKIE?<\/strong><\/p>\n\n\n\n<p>I cookie sono stringhe di testo di piccole dimensioni conservate nel computer quando si visitano determinate pagine su Internet, quando si leggono determinate e-mail o quando si utilizzano determinati servizi. Sono semplici righe di testo usate per diverse finalit\u00e0: eseguire autenticazioni automatiche, memorizzare informazioni specifiche riguardanti gli utenti che accedono al server, tenere traccia di comportamenti a finalit\u00e0 statistiche. La gestione dei cookie \u00e8 sotto il controllo diretto dell&#8217;utente: \u00e8 possibile impedire la registrazione dei cookie, cancellarli o semplicemente selezionare quelli che si desidera conservare. Nella maggior parte dei browser, i cookies sono abilitati; in calce le informazioni necessarie per modificare le impostazioni dei cookies sul browser.<\/p>\n\n\n\n<p><strong>TIPOLOGIA E DURATA DEI COOKIE<\/strong><\/p>\n\n\n\n<p>I cookie, a seconda dello scopo, possono essere:<\/p>\n\n\n\n<ol>\n<li><strong>Cookie tecnici<\/strong>. Sono fondamentali per permettervi di muovervi all&#8217;interno del sito e per usare le sue funzionalit\u00e0, quali ad esempio accedere alle aree riservate del sito internet. Senza questi cookie non possono essere forniti i servizi richiesti. Per questa tipologia di Cookie non \u00e8 necessario un preventivo consenso degli utenti per il loro utilizzo.<\/li>\n\n\n\n<li><strong>Cookie di profilazione. <\/strong>I cookie di profilazione sono volti a creare profili relativi all\u2019utente e vengono utilizzati al fine di inviare messaggi pubblicitari in linea con le preferenze manifestate dallo stesso nell\u2019ambito della navigazione in rete.<\/li>\n<\/ol>\n\n\n\n<p>I cookie si distinguono poi, tra cookie di \u201c<strong>prima parte<\/strong>\u201d sviluppati dal Titolare del sito stesso e di \u201c<strong>terza parte<\/strong>\u201d sviluppati da terzi rispetto il Titolare del sito.<\/p>\n\n\n\n<p>In caso di cookie di terze parti, il sito non ha un controllo diretto dei singoli cookie e non pu\u00f2 controllarli; l\u2019utente pu\u00f2 comunque gestirli attraverso le impostazioni del browser.<\/p>\n\n\n\n<p>I cookie, in base alla durata, possono essere poi distinti in:<\/p>\n\n\n\n<ul>\n<li><strong>temporanei o di sessione<\/strong>, utilizzati per archiviare informazioni temporanee. Vengono rimossi dal computer alla chiusura del browser;<\/li>\n\n\n\n<li><strong>permanenti<\/strong>, utilizzati per archiviare informazioni in modo da evitare che l\u2019utente debba digitarli nuovamente ogni volta che visita il sito. Rimangono memorizzati nel computer anche dopo aver chiuso il browser.<\/li>\n<\/ul>\n\n\n\n<p><strong>COOKIE PRESENTI SUL SITO<\/strong><\/p>\n\n\n\n<p>Sul sito <a href=\"http:\/\/www.infobusinesszone.com\/\">www.infobusinesszone.com<\/a> viene fatto uso di cookie tecnici di sessione (non persistenti), in modo strettamente limitato a quanto necessario per la navigazione sicura ed efficiente dei siti. Non sono utilizzate in alcun modo tecniche informatiche per l\u2019acquisizione diretta di dati personali identificativi dell\u2019utente o sistemi di tracciamento o profilazione dell&#8217;utente.<\/p>\n\n\n\n<p><strong>Interazione con social network e piattaforme esterne<\/strong><\/p>\n\n\n\n<p>Talvolta i cookie di terze parti possono essere comunque attivati utilizzando funzioni che permettono all\u2019Interessato di interagire con i social network, ad esempio attraverso i pulsanti che consentono di condividere contenuti sui propri profili social, e questi ultimi potrebbero quindi tracciare la navigazione dell\u2019utente.<\/p>\n\n\n\n<p>Se l&#8217;Interessato naviga essendo loggato nel social network allora ha gi\u00e0 acconsentito all&#8217;uso dei cookie veicolati tramite questo sito al momento dell&#8217;iscrizione al social network.<\/p>\n\n\n\n<p>La raccolta e l&#8217;uso delle informazioni ottenute a mezzo dei pulsanti sono regolati dalle rispettive informative privacy dei social network, alle quali si prega di fare riferimento.&nbsp;Nello specifico di questo sito:<\/p>\n\n\n\n<p><strong>Facebook: <\/strong>pulsante di interazione con il social network Facebook, fornito da Meta Platforms Ireland Limited. Luogo del trattamento:&nbsp;Irlanda \u2013&nbsp;<a href=\"https:\/\/www.facebook.com\/privacy\/explanation\" target=\"_blank\" rel=\"noreferrer noopener\">Privacy Policy<\/a><\/p>\n\n\n\n<p><strong>Instagram: <\/strong>pulsante di interazione con il social network Instagram, fornito da Meta Platforms Ireland Limited. Luogo del trattamento:&nbsp;Irlanda \u2013&nbsp;<a href=\"https:\/\/help.instagram.com\/519522125107875\" target=\"_blank\" rel=\"noreferrer noopener\"><u>Privacy Policy<\/u><\/a><\/p>\n\n\n\n<h4 class=\"wp-block-heading\">\u00c8 attiva anche una funzione di interazione con la live chat di <strong>WhatsApp Business<\/strong> per poter richiedere informazioni ed essere contattati. Il servizio \u00e8 fornitoda WhatsApp Ireland Limited &#8211; Luogo del trattamento: Irlanda &#8211; <a href=\"https:\/\/faq.whatsapp.com\/1148840052398648\/?helpref=uf_share\" target=\"_blank\" rel=\"noreferrer noopener\">Privacy Policy<\/a><\/h4>\n\n\n\n<p><strong>COME RIMUOVERE O BLOCCARE I COOKIE<\/strong><\/p>\n\n\n\n<p>\u00c8 possibile impedire che un sito utilizzi i cookie per le attivit\u00e0 descritte ovvero \u00e8 possibile cancellare tutti i cookie salvati utilizzando gli strumenti messi a disposizione dal proprio browser (il browser \u00e8 il programma che si utilizza per navigare i siti web). Da notare che se si decide di disabilitare tutti i cookie, alcune funzionalit\u00e0 del sito che si sta navigando potrebbero essere compromesse.<\/p>\n\n\n\n<p>\u00c8 possibile navigare evitando temporaneamente che il browser registri i cookie generati dai siti abilitando la navigazione in incognito (chiamata anche &#8220;navigazione privata o &#8220;navigazione anonima&#8221;). In questa modalit\u00e0 il browser, a seconda della versione utilizzata, non registra cookie o registra solo alcuni cookie necessari al funzionamento del sito. I cookie vengono comunque cancellati una volta chiusa la finestra. Inoltre, in questa modalit\u00e0, non vengono salvati i siti visualizzati nella cronologia e non vengono salvate le informazioni digitate nei moduli presenti nelle pagine.<\/p>\n\n\n\n<p>In alternativa, \u00e8 possibile disabilitare\/cancellare i cookie mediante l\u2019accesso al pannello di configurazione del browser.<\/p>\n\n\n\n<p>Riportiamo di seguito il link ai pannelli di configurazione di alcuni browser noti:<\/p>\n\n\n\n<p><strong>Chrome<\/strong><br>Per maggiori informazioni visita la&nbsp;<a href=\"https:\/\/support.google.com\/accounts\/answer\/61416?hl=en\" target=\"_blank\" rel=\"noreferrer noopener\"><strong>pagina dedicata<\/strong><\/a>.<\/p>\n\n\n\n<p><strong>Mozilla Firefox<\/strong><\/p>\n\n\n\n<p>Per maggiori informazioni visita la&nbsp;<a href=\"https:\/\/support.mozilla.org\/en-US\/kb\/enable-and-disable-cookies-website-preferences\" target=\"_blank\" rel=\"noreferrer noopener\"><strong>pagina dedicata<\/strong><\/a>.<\/p>\n\n\n\n<p><strong>Internet Explorer<\/strong><\/p>\n\n\n\n<p>Per maggiori informazioni visita la&nbsp;<a href=\"http:\/\/windows.microsoft.com\/it-it\/windows-vista\/block-or-allow-cookies\" target=\"_blank\" rel=\"noreferrer noopener\"><strong>pagina dedicata<\/strong><\/a>.<\/p>\n\n\n\n<p><strong>Microsoft Edge<\/strong><\/p>\n\n\n\n<p>Per maggiori informazioni visita la&nbsp;<a href=\"http:\/\/windows.microsoft.com\/it-it\/windows-10\/edge-privacy-faq\" target=\"_blank\" rel=\"noreferrer noopener\"><strong>pagina dedicata.<\/strong><\/a><\/p>\n\n\n\n<p><strong>Safari<\/strong><\/p>\n\n\n\n<p>Per maggiori informazioni visita la&nbsp;<a href=\"https:\/\/support.apple.com\/kb\/PH17191?locale=it_IT\" target=\"_blank\" rel=\"noreferrer noopener\"><strong>pagina dedicata<\/strong><\/a>.<\/p>\n\n\n\n<p><strong>Safari iOS (dispositivi mobile)<\/strong><\/p>\n\n\n\n<p>Per maggiori informazioni visita la&nbsp;<a href=\"https:\/\/support.apple.com\/en-us\/HT201265\" target=\"_blank\" rel=\"noreferrer noopener\"><strong>pagina dedicata<\/strong><\/a>.<\/p>\n\n\n\n<p><strong>Opera<\/strong><br>Per maggiori informazioni visita la&nbsp;<a href=\"http:\/\/www.opera.com\/help\/tutorials\/security\/privacy\/\" target=\"_blank\" rel=\"noreferrer noopener\"><strong>pagina dedicata<\/strong><\/a>.<\/p>\n\n\n\n<p>\u00c8 possibile avvalersi di Your Online Choices (<a href=\"http:\/\/www.youronlinechoices.com\/\">http:\/\/www.youronlinechoices.com\/<\/a>) in aggiunta alle informazioni fornite dal presente documento. Attraverso tale servizio \u00e8 possibile gestire le preferenze di tracciamento della maggior parte degli strumenti pubblicitari.<\/p>\n\n\n\n<p><strong>AGGIORNAMENTI<\/strong><\/p>\n\n\n\n<p>La presente cookie policy \u00e8 aggiornata alla data del 23 Maggio 2023.<\/p>\n","protected":false},"excerpt":{"rendered":"<p>Informativa sui Cookie Sito Internet Ai sensi del \u201cRegolamento generale sulla protezione dei dati\u201d \u2013 Regolamento (UE) 2016\/679 (GDPR) Via Roma 49 \u2013 31047 (TV)C.F. BLDLDA67H41L407M &#8211; P.IVA 04769920275Tel. 0422\/1292113 &#8211; 375\/7743831E-mail: interno@infobusinesszone.com Il sito www.infobusinesszone.com utilizza solo cookie tecnici per il corretto funzionamento del sito stesso. BUSINESS ZONE DI [&hellip;]<\/p>\n","protected":false},"author":1,"featured_media":0,"parent":0,"menu_order":0,"comment_status":"closed","ping_status":"closed","template":"","meta":[],"_links":{"self":[{"href":"https:\/\/infobusinesszone.com\/index.php\/wp-json\/wp\/v2\/pages\/162"}],"collection":[{"href":"https:\/\/infobusinesszone.com\/index.php\/wp-json\/wp\/v2\/pages"}],"about":[{"href":"https:\/\/infobusinesszone.com\/index.php\/wp-json\/wp\/v2\/types\/page"}],"author":[{"embeddable":true,"href":"https:\/\/infobusinesszone.com\/index.php\/wp-json\/wp\/v2\/users\/1"}],"replies":[{"embeddable":true,"href":"https:\/\/infobusinesszone.com\/index.php\/wp-json\/wp\/v2\/comments?post=162"}],"version-history":[{"count":5,"href":"https:\/\/infobusinesszone.com\/index.php\/wp-json\/wp\/v2\/pages\/162\/revisions"}],"predecessor-version":[{"id":170,"href":"https:\/\/infobusinesszone.com\/index.php\/wp-json\/wp\/v2\/pages\/162\/revisions\/170"}],"wp:attachment":[{"href":"https:\/\/infobusinesszone.com\/index.php\/wp-json\/wp\/v2\/media?parent=162"}],"curies":[{"name":"wp","href":"https:\/\/api.w.org\/{rel}","templated":true}]}}